ulate the greatest common factor of w and y.
13
Let g(w) = w**3 + 9*w**2 + 7*w - 3. Let v be -1 + 1/(4/20). Let z(n) = -n - 2. Let a be z(v). Let q be g(a). What is the greatest common divisor of q and 21?
21
Let q(u) = -u + 10. Let h be q(7). Suppose h*a - 1 = 8. Let s be a*23/3 - -3. Calculate the highest common factor of 65 and s.
13
Let p(g) = 26*g - 54. Let t be p(11). Calculate the greatest common divisor of 174 and t.
58
Suppose -2754 - 5806 = -8*s. What is the highest common divisor of s and 10?
10
Suppose -33*c + 35*c - 26 = 0. What is the highest common divisor of 793 and c?
13
Let d(w) = -4*w + 58. Let j(r) = -4*r + 58. Let o(a) = 5*d(a) - 4*j(a). Let h be o(11). What is the highest common divisor of 2 and h?
2
Let n(m) = 2*m**2 + 34*m + 64. Let u be n(-15). What is the greatest common factor of u and 98?
2
Suppose 0*a - 2*a + 8 = s, -4*s + 20 = 2*a. What is the greatest common divisor of 54 and a?
2
Let c(x) = -x**2 - 2*x + 9. Let i be c(-5). Let g be 1/((-2)/i)*(-1 - -4). Let r = 92 - 47. Calculate the greatest common factor of r and g.
9
Let w(x) = -4*x - 48. Let u be w(-13). Let q(l) = 3*l - 2. Let i be q(3). Let v be i - (0 + (1 - u)). What is the greatest common divisor of v and 50?
10
Let t(j) = j - 7. Let a be t(5). Let c be -1 - 0 - a - -34. Let n = -33657 - -34042. Calculate the highest common divisor of n and c.
35
Let h = -230 + 237. What is the greatest common factor of 175 and h?
7
Let d(a) be the first derivative of a**3/3 - a**2/2 + 10*a + 1. Let l be d(0). Suppose 54 = 23*i - 291. What is the highest common factor of i and l?
5
Suppose -33861 = -29*r - 10255. Calculate the highest common factor of r and 22.
22
Let k be ((-73)/(-4))/(92/368). What is the greatest common divisor of 73 and k?
73
Suppose -18*w + 21*w - 9993 = -5*y, -4*w = -y + 1994. Calculate the highest common factor of y and 54.
54
Let u = -3 + 7. Suppose t - 5*s - 2 + 7 = 0, s = u. Suppose -i - 10 = 5*n - 112, -5*i = t. Calculate the highest common divisor of 14 and n.
7
Suppose k = -5*m - 24 + 104, k - 62 = 4*m. What is the highest common divisor of 42 and k?
14
Let i(q) = 111*q + 94. Let t be i(7). What is the greatest common factor of 13 and t?
13
Suppose 4*m - 6 - 6 = 0, -5*z - 3*m = -34. Suppose -f + 376 = 3*f - z*c, 5*c + 198 = 2*f. Suppose -3*k + f = 8. What is the highest common factor of k and 18?
9
Suppose 0 = -3*n - r + 8, -4*r = -n - 4*n - 15. Let k(u) = 11*u - 5. Let z be k(n). What is the greatest common factor of z and 6?
6
Let d be (110/15*2)/((-1)/(-3)). Calculate the highest common divisor of d and 198.
22
Let m be 4/(-20) - 1332/(-60). Calculate the highest common factor of 11 and m.
11
Let b be (66/18 + -3)*87/2. Let g = 173 + 142. Suppose 2*i - g - 149 = 0. What is the highest common divisor of b and i?
29
Suppose 4075 = -33*v + 17242. What is the highest common factor of v and 21?
21
Suppose h = -2*m - 3 + 26, -5*m = -4*h + 92. Calculate the highest common factor of h and 161.
23
Suppose -22*h + 31*h - 180 = 0. What is the highest common factor of 32 and h?
4
Let y be 2/(-10) + (-2)/((-20)/42). Suppose 0 = -y*p - 9 + 21. Calculate the greatest common factor of 12 and p.
3
Suppose 13*b = 137 + 32. Let a = b + -2. What is the highest common factor of a and 187?
11
Let n(r) = -24*r - 76. Let u be n(-4). Suppose 0 = 3*k + 2*k - 5*p - 260, 56 = k - 3*p. Calculate the greatest common factor of k and u.
10
Suppose 3 = 2*h + 7. Let p be (h/4)/(10/(-1080)). What is the highest common factor of p and 6?
6
Let w(g) = -g**3 - 1 + 6 - 6*g**2 + 1 + 15*g**2 - 11*g. Let z be w(7). Let m = 105 + -78. What is the highest common divisor of z and m?
27
Let b(o) = 60*o - 272. Let f be b(5). Calculate the greatest common factor of 4 and f.
4
Let b be 18/(-117) + 683*24/78. What is the greatest common factor of 735 and b?
105
Let n(f) = f**2 - 7*f. Let s be n(9). Let z be 9/(s/(-4)) + 11. What is the greatest common factor of z and 1?
1
Let g(b) be the third derivative of b**5/30 - b**4/8 + 13*b**2. Let k be g(3). Calculate the greatest common factor of k and 1.
1
Let p(k) = 103*k + 468. Let n be p(-4). Calculate the greatest common divisor of 88 and n.
8
Let t(q) = -11*q**3 - 10*q**2 + 18*q + 46. Let s be t(-5). Calculate the greatest common factor of s and 235.
47
Let q(m) be the third derivative of m**6/120 - m**5/30 - m**4/4 + 7*m**3/3 + 19*m**2. Let v be q(4). Calculate the greatest common divisor of v and 11.
11
Suppose 0 = 4*g - 9*g + 550. Let o be (-88)/(-4) - (-1 - -1). Suppose 0 = -4*c + 22 + o. Calculate the highest common factor of g and c.
11
Suppose -45 - 45 = -18*p. What is the highest common factor of 45 and p?
5
Let i be (4/(-3))/((-1)/(-3)). Let j be (26/8)/((-1)/i). Suppose d + 13*o = 15*o + 15, -60 = -5*d - 5*o. Calculate the highest common factor of d and j.
13
Suppose -7*f + 82 = 19. Suppose 0 = -5*s + 3*h + 998, 665 - 39 = 3*s + 5*h. Suppose 4*l - 194 = s. What is the greatest common divisor of l and f?
9
Let g be (10/(-3) + 2)*(-159 + -63). What is the greatest common divisor of 37 and g?
37
Suppose -4*s + 3*z = 2*z - 1222, -2*s = 3*z - 604. What is the highest common factor of s and 244?
61
Let o be (-6)/8*(-40)/(-15). Let j be o/(-16) - (-1437)/24. What is the greatest common factor of 120 and j?
60
Let p be (2 - 2) + 105*1. Let y be -2 + (-9)/(-6) + (-674)/(-4). Suppose 4*a + 0*f = -f + y, 5*f + 84 = 2*a. Calculate the highest common factor of p and a.
21
Let n(c) = -4*c + 1. Let q be n(-1). Suppose 38*l - 576 = 26*l. Suppose l = q*v - v. Calculate the greatest common divisor of v and 48.
12
Let u(b) be the first derivative of b**4/4 - b**3 - 3*b**2 + 6*b - 8. Let w be u(5). Calculate the highest common factor of w and 13.
13
Suppose 0*f - 287 = 3*w - 2*f, 2*w + 193 = f. Let h be (-2)/(-7) + w/(-21). Let p be (-180*1)/(-4)*(-2 + 3). What is the greatest common factor of p and h?
5
Let b(s) = 36*s + 2. Let c be b(-2). Let m = c - -108. Calculate the highest common divisor of 95 and m.
19
Let l(r) = -r**2 - 61*r - 502. Let c be l(-50). What is the highest common divisor of c and 112?
16
Suppose 35 = 2*j + 3*c, -j - 2*c + 5 = -14. Let x(q) = -q**2 + 41*q - 83. Let i be x(37). What is the highest common divisor of j and i?
13
Suppose -b - 282 = -3*b - 5*w, -2*w = -5*b + 676. Let r(h) = h**3 + 6*h**2 + 2*h - 7. Let a be r(-5). What is the greatest common divisor of b and a?
8
Suppose -55 = -2*w + 3*s + 77, -5*w - 3*s = -288. Let b be 2*1/(-1)*-12. What is the greatest common divisor of b and w?
12
Let r(s) = s**2 + 2*s + 1. Let m be r(-3). Let o(g) = g**2 - 7*g + 8. Let y be o(8). Let p = y - m. What is the highest common divisor of 12 and p?
12
Let q(y) = -55*y - 11. Let d be q(-4). What is the greatest common factor of d and 19?
19
Suppose -2028 + 168 = -5*z. What is the highest common divisor of z and 12?
12
Suppose -3*g = -1 + 4. Let l(i) = 3*i**2 - 1. Let b be l(g). Let x = 5359 - 5337. What is the greatest common factor of b and x?
2
Let l = -200 - -216. Suppose -4*m + 82 = -k, 2*m + 3*m - 5*k = 110. Let o be ((-48)/m)/(1/(-60)). What is the greatest common factor of l and o?
16
Let s(f) = 3*f + 24. Let q be s(4). What is the greatest common factor of 324 and q?
36
Suppose -5 = -k + 5. Suppose 19*j - 15*j = 16. What is the highest common factor of k and j?
2
Let h = 5 + -1. Let y be (-4)/30 + (-848)/(-60) + -12. Suppose -8*u = y*r - h*u - 128, 2*r = u + 108. Calculate the highest common factor of 140 and r.
28
Let z = 8 - 4. Suppose -4*p + y - 6 = -2, 2*y - 8 = -p. Suppose 3*h = -p*h + 48. Calculate the greatest common divisor of z and h.
4
Let w be (-1352)/24*-15 + 0. What is the highest common factor of w and 13?
13
Suppose -28*b = -66*b + 988. Calculate the greatest common divisor of 273 and b.
13
Let q = 524 - 473. Calculate the greatest common factor of q and 136.
17
Let f = 5 + -10. Let w = 7 + f. Suppose 0*i + w*i = -4*a + 44, 2*i + a = 56. What is the highest common divisor of i and 75?
15
Let l(x) = 413*x - 221. Let q be l(6). Calculate the highest common divisor of q and 37.
37
Let x be 1*(-1)/(-2) - 609/(-14). Suppose 0 = -3*d + 2*a + 14, -4*d + 4*a - 5 = -17. Suppose -4*f - d + x = 0. What is the greatest common divisor of f and 9?
9
Let v = 13 - 14. Let j = v - -2. Let s = 0 - -2. What is the greatest comm